it of 275375418?
1
What is the thousands digit of 360343247?
3
What is the units digit of 136476563?
3
What is the thousands digit of 272633576?
3
What is the ten millions digit of 113666183?
1
What is the hundreds digit of 33316602?
6
What is the thousands digit of 61650187?
0
What is the ten millions digit of 411803288?
1
What is the ten millions digit of 163153509?
6
What is the hundred thousands digit of 1139786323?
7
What is the hundreds digit of 1834055335?
3
What is the ten thousands digit of 442207883?
0
What is the hundred thousands digit of 204029730?
0
What is the thousands digit of 4923633564?
3
What is the hundreds digit of 131155663?
6
What is the ten thousands digit of 13796098?
9
What is the units digit of 1316582859?
9
What is the hundreds digit of 349992676?
6
What is the ten millions digit of 1741719599?
4
What is the hundreds digit of 11038047?
0
What is the units digit of 106778871?
1
What is the tens digit of 111477689?
8
What is the units digit of 36654579?
9
What is the ten thousands digit of 932823128?
2
What is the millions digit of 41325483?
1
What is the tens digit of 33494528?
2
What is the units digit of 643093919?
9
What is the hundred millions digit of 4217074116?
2
What is the hundred thousands digit of 94285232?
2
What is the tens digit of 2369746742?
4
What is the hundreds digit of 220909530?
5
What is the ten thousands digit of 77030452?
3
What is the hundreds digit of 609687755?
7
What is the millions digit of 77981805?
7
What is the units digit of 66565666?
6
What is the hundreds digit of 1576494212?
2
What is the hundred thousands digit of 762159777?
1
What is the ten thousands digit of 84918105?
1
What is the ten thousands digit of 2815586?
1
What is the ten millions digit of 3215184174?
1
What is the hundreds digit of 62667868?
8
What is the hundred thousands digit of 7668117?
6
What is the tens digit of 126651427?
2
What is the hundred thousands digit of 58058035?
0
What is the ten millions digit of 174062252?
7
What is the hundreds digit of 543823845?
8
What is the thousands digit of 5616875679?
5
What is the units digit of 31514839?
9
What is the millions digit of 21691880?
1
What is the ten thousands digit of 104342894?
4
What is the thousands digit of 205714426?
4
What is the ten thousands digit of 1560545530?
4
What is the millions digit of 135462252?
5
What is the ten thousands digit of 436361409?
6
What is the ten thousands digit of 119267106?
6
What is the hundreds digit of 74690399?
3
What is the hundred millions digit of 6483588365?
4
What is the hundred millions digit of 1368622703?
3
What is the hundreds digit of 626925177?
1
What is the millions digit of 1509276847?
9
What is the thousands digit of 84272033?
2
What is the thousands digit of 603579727?
9
What is the units digit of 45389527?
7
What is the ten thousands digit of 634633770?
3
What is the ten thousands digit of 1429236226?
3
What is the units digit of 185894739?
9
What is the hundred millions digit of 3441699147?
4
What is the units digit of 101127401?
1
What is the hundreds digit of 368044172?
1
What is the hundreds digit of 46175662?
6
What is the ten thousands digit of 2166083324?
8
What is the ten millions digit of 1101385340?
0
What is the ten thousands digit of 1621813576?
1
What is the thousands digit of 64942590?
2
What is the millions digit of 56187926?
6
What is the thousands digit of 238053096?
3
What is the thousands digit of 463796573?
6
What is the ten millions digit of 30272207?
3
What is the hundreds digit of 1715631010?
0
What is the hundred millions digit of 1169964276?
1
What is the units digit of 42910985?
5
What is the thousands digit of 178989880?
9
What is the hundred thousands digit of 23933640?
9
What is the millions digit of 151124481?
1
What is the tens digit of 7785400307?
0
What is the millions digit of 550309976?
0
What is the units digit of 49280019?
9
What is the tens digit of 3450877957?
5
What is the hundreds digit of 78422725?
7
What is the thousands digit of 74205530?
5
What is the ten millions digit of 512026294?
1
What is the units digit of 1149896701?
1
What is the units digit of 5335330374?
4
What is the hundreds digit of 470092189?
1
What is the ten millions digit of 257389962?
5
What is the units digit of 45012579?
9
What is the units digit of 78160447?
7
What is the thousands digit of 1503556870?
6
What is the millions digit of 8610700?
8
What is the ten thousands digit of 322624921?
2
What is the hundred thousands digit of 241835649?
8
What is the hundreds digit of 654702268?
2
What is the thousands digit of 600773554?
3
What is the units digit of 165443745?
5
What is the units digit of 284063771?
1
What is the millions digit of 5013062473?
3
What is the ten thousands digit of 7622087160?
8
What is the hundred thousands digit of 972250471?
2
What is the hundred thousands digit of 1181365642?
3
What is the hundred thousands digit of 211259169?
2
What is the millions digit of 338475027?
8
What is the ten thousands digit of 4551216?
5
What is the millions digit of 31582650?
1
What is the hundred millions digit of 261898653?
2
What is the ten millions digit of 3714372695?
1
What is the ten thousands digit of 1774337?
7
What is the thousands digit of 16810223?
0
What is the ten millions digit of 1121750220?
2
What is the millions digit of 1318807851?
8
What is the hundreds digit of 134106664?
6
What is the ten thousands digit of 4879438?
7
What is the hundred thousands digit of 289056965?
0
What is the hundred millions digit of 1387929245?
3
What is the hundred millions digit of 320038413?
3
What is the thousands digit of 294657416?
7
What is the hundreds digit of 76564793?
7
What is the millions digit of 48710863?
8
What is the ten millions digit of 149909604?
4
What is the billions digit of 3888187818?
3
What is the ten thousands digit of 216600563?
0
What is the ten thousands digit of 23793289?
9
What is the hundreds digit of 146931082?
0
What is the thousands digit of 44147348?
7
What is the ten millions digit of 273196228?
7
What is the hundred thousands digit of 68552296?
5
What is the hundred millions digit of 870593217?
8
What is the hundreds digit of 10891534?
5
What is the hundred thousands digit of 150839596?
8
What is the units digit of 61777277?
7
What is the tens digit of 31187377?
7
What is the millions digit of 50926688?
0
What is the hundred thousands digit of 518011158?
0
What is the units digit of 233421776?
6
What is the units digit of 20241364?
4
What is the hundred millions digit of 104048693?
1
What is the thousands digit of 284208213?
8
What is the thousands digit of 3476167501?
7
What is the tens digit of 3396148230?
3
What is the tens digit of 191528310?
1
What is the hundred thousands digit of 888078132?
0
What is the ten millions digit of 3015704689?
1
What is the hundred thousands digit of 201072476?
0
What is the millions digit of 1247928935?
7
What is the millions digit of 13173282?
3
What is the ten millions digit of 129960427?
2
What is the millions digit of 6440347032?
0
What is the hundreds digit of 99373389?
3
What is the hundreds digit of 6521566979?
9
What is the hundred thousands digit of 27277586?
2
What is the hundreds digit of 7120909213?
2
What is the ten millions digit of 28971127?
2
What is the millions digit of 29697768?
9
What is the hundreds digit of 360171533?
5
What is the millions digit of 1424746103?
4
What is the ten thousands digit of 140480267?
8
What is the ten thousands digit of 32487995?
8
What is the units digit of 2493753923?
3
What is the ten thousands digit of 204961156?
6
What is the ten thousands digit of 63797304?
9
What is the millions digit of 3380221517?
0
What is the tens digit of 50997489?
8
What is the ten millions digit of 275182687?
7
What is the hundred thousands digit of 297048997?
0
What is the hundreds digit of 230034692?
6
What is the hundred millions digit of 136222676?
1
What is the hundreds digit of 916971436?
4
What is the ten thousands digit of 60244010?
4
What is the thousands digit of 231573538?
3
What is the ten thousands digit of 38971406?
7
What is the hundreds digit of 99506186?
1
What is the millions digit of 2665502690?
5
What is the hundred millions digit of 199853700?
1
What is the hundreds di